 -c + 5*r + g, -r = 5. Is c a prime number?
True
Suppose -2039429 = -87*l + 38*l. Is l a composite number?
False
Let h(m) = -m**3 - 11*m**2 + 11*m - 12. Let n be h(-12). Suppose n = 16*r - 3*r - 1469. Is r a prime number?
True
Is -6 + (-41)/((32/3988)/(-8)) a composite number?
True
Suppose 26*q = 35*q + 10827. Let l = q - -4886. Is l a prime number?
False
Let t(r) = r**3 - 35*r**2 - 143*r + 18. Let x be t(42). Suppose 8012 = 4*j - x. Is j a composite number?
False
Suppose 233*c = 248*c - 266655. Is c a composite number?
True
Is (24 - 13) + 353354 - 6 prime?
True
Suppose -6*z - 2*n = -4*z - 91500, -3*n = -z + 45746. Suppose 0 = -10*j + z - 16729. Is j prime?
False
Let b = 195 - 195. Suppose -5*k + 2161 + 34 = b. Is k a composite number?
False
Suppose -89*n = 13*n - 5966286. Is n a composite number?
True
Let x = -480299 + 1109542. Is x composite?
False
Suppose g = 4, 0 = -2*h - h + 2*g + 235. Suppose -77 + h = v. Suppose 0 = v*o, -5*b - o - 2*o + 12565 = 0. Is b prime?
False
Let r = -4987 + 7330. Suppose 0 = -k + r + 110. Is k a composite number?
True
Let b(o) be the second derivative of 8*o**3/3 + 35*o**2/2 + 1806*o. Suppose -5*p + p = -44. Is b(p) a composite number?
False
Let p(f) = 118*f**2 + 38*f**2 + 0 + 4*f - 1 + f. Is p(2) a composite number?
True
Suppose -10*f + 5*f + 10880 = -5*d, 2*d = -3*f + 6518. Suppose 3*u + 58760 = 5*y - f, 0 = -y - 5*u + 12170. Is y composite?
True
Suppose 27*u = -1055125 + 3902464. Is u a prime number?
False
Suppose 43 - 13 = 10*t. Suppose 2*p + 16 = -2*z - 2, 0 = -3*z + t*p - 3. Let n(o) = -110*o - 23. Is n(z) composite?
True
Let u(v) = 87*v**2 + 247*v - 11. Is u(7) prime?
True
Let w(m) = 72*m - 2. Suppose -5*a = -5*k, -2*a - 2 = 2*k - 6. Let u be w(a). Let q = 113 - u. Is q composite?
False
Suppose 19*u - 27*u + 24 = 0. Is 665 + (24/4)/u prime?
False
Let s = -15 + 26. Let w(j) = -3 + 3 - 11*j**2 - 4*j**3 + 12*j**3 - 9 - 7*j**3 + 17*j. Is w(s) a prime number?
False
Let w be (10 - -2) + 2*-1. Suppose 574 = -9*s + w*s. Let x = s + 717. Is x a prime number?
True
Let m = -12867 - -29540. Is m a prime number?
True
Suppose 81*n = 78*n, -2*n = a - 1549957. Is a prime?
True
Suppose -5*m - 209 = 3*l, -79 = 2*l + 5*m + 52. Let v = 75 + l. Is (-6 - v) + (-12890)/(-5) + 4 composite?
False
Suppose 4*x - 110 = 86. Suppose -2*a - 32 + 25 = 49. Let r = x - a. Is r a composite number?
True
Let o(y) = -3*y - 1054. Let h(u) = -u - 264. Let p(c) = -9*h(c) + 2*o(c). Is p(-43) composite?
False
Let h(a) be the second derivative of -13*a**5/20 - a**4/6 - a**2 + a - 24. Is h(-3) prime?
True
Is 1056088/7 + 5*2/(-14) a prime number?
True
Let f(d) = 16*d**2 - 2*d + 9. Let x be f(-3). Is (-222)/(-12)*(-10)/(-15)*x prime?
False
Let h be 32/16*(-10 + (-3)/(-1)). Let f(i) = 240*i - 11. Let k(z) = -720*z + 33. Let c(l) = 11*f(l) + 4*k(l). Is c(h) a prime number?
True
Let r(w) = -w**3 - 11*w**2 + w + 11. Let i be r(-11). Suppose 9*d - 15910 - 20909 = i. Is d composite?
False
Suppose 8*w = 41*w - 1979967. Is w a prime number?
True
Let g = -24 - -36. Let p be -117*((-20)/g + -4). Let a = 1192 - p. Is a a composite number?
True
Let b(w) = 2*w + 1831. Let n(h) = 2*h + 2754. Let s(p) = -7*b(p) + 5*n(p). Suppose -3*o = -o. Is s(o) a composite number?
False
Let n = -392173 + 747084. Is n composite?
False
Let y(a) = a**2 - 5. Let d be y(3). Suppose 4*t - 12 = -d*i, 5*i - t + 6 = 3. Suppose -2*x + 3*f + 313 = i, 51 = x - 4*f - 108. Is x prime?
False
Let i be 1 - 41180/8*-2. Suppose -2*w + i = 2*a, -1388 = -a - 3*w + 3758. Let k = a - 2904. Is k prime?
False
Suppose 2*l + 97869 = 37*s - 32*s, -4*s + 78221 = 9*l. Is s a composite number?
False
Suppose -l + 6 = -3. Suppose -l*j + 9 = -6*j. Suppose -5*c = 4*x - 3168, -3*x + j*c = -550 - 1799. Is x a composite number?
False
Suppose -2*a + c + 108560 = -c, 4*a + 5*c - 217093 = 0. Suppose d + 19740 - a = 0. Is d prime?
True
Is 77645 + 5 + -10 + 6 + -4 a composite number?
True
Let v(l) = l**3 - l**2 - 13*l. Let f be v(0). Suppose -12*p - 9*p + 59493 = f. Is p prime?
True
Let m(l) = 4*l - 3. Let d be m(0). Is 319/(d/(2 + -5)) composite?
True
Suppose 5*z - 327 = -2*b, 2*z + 243 + 399 = 4*b. Suppose j - 39 = q, -2*q + 24 = j - 0*q. Let d = b - j. Is d prime?
True
Suppose -10*d - 4*d = -364770. Suppose x = -5*b + 6*x + d, -b + 5219 = -3*x. Is b a prime number?
False
Let s be (-12)/102 - (-1)/(-17)*-172. Suppose -19*c = -s*c - 38943. Is c composite?
False
Let o be 4 - (2/1)/(-13 + 12). Is 11/(132/3568)*o/4 prime?
False
Let i(y) = -2*y + 37*y**3 + 4 - y**2 - 7 + 27*y - y**2 + 8. Is i(7) a prime number?
False
Let t(z) = -z**2 + 7*z + 4. Let w be t(7). Suppose -w*b + 354 = 5*k, 5*k + 0*b = -2*b + 362. Is k composite?
True
Let h(d) = -5*d**3 - 7*d**2 + 3*d + 20. Let r(x) = -21*x**3 - 28*x**2 + 11*x + 81. Let q(u) = -9*h(u) + 2*r(u). Is q(7) a prime number?
True
Suppose -161854 = 800*o - 804*o + 5*p, 80920 = 2*o + p. Is o prime?
False
Is 75/105*7 + 30876 a composite number?
False
Let p = -856 - -3369. Is p a prime number?
False
Is (-424452)/(-9) + (16/(-2) - (-69)/9) a prime number?
True
Let u = -297 - -318. Is 2/u + (-812649)/(-1197) prime?
False
Suppose 37*h - 50*h + 46431819 = 176*h. Is h prime?
True
Suppose -9*d = 12 + 15. Is d*5/15 - -1320 prime?
True
Let p(b) = 3*b**2 + 18*b - 16 + 0*b - 2*b**2 - 3*b. Let a be p(-12). Let w = a + 86. Is w a prime number?
False
Suppose 3*o = -4*n + 301433 - 17447, -5*n = 15. Suppose -4*p + o = 22*p. Is p a prime number?
False
Suppose 24*g - 22*g - 917148 = -2*l, 4*l + 2*g - 1834282 = 0. Is l prime?
True
Let n = 1966027 + -683706. Is n composite?
True
Let c be (-57)/6*-2*3. Suppose -75 - 3 = 4*j + 3*y, 0 = -j - y - 20. Let o = c + j. Is o a prime number?
False
Let v(y) = -53847*y - 2730. Is v(-3) a prime number?
False
Let p(f) = -8*f - 23. Let s be p(-6). Let q(y) = -10 - s*y - 9 - 2. Is q(-4) a composite number?
False
Let x be 1246*(-6 - (-5 - -1)). Let g = 6271 + x. Is g a composite number?
False
Suppose 0 = -114*o - 42*o + 4649268. Is o composite?
False
Let w = -57114 - -83471. Is w a composite number?
False
Let r(x) = x**2 - 4*x + 4. Let w be r(5). Let i be (-18)/((-16)/(-1062)*w/(-12)). Suppose 5*f - i = -l, -l = -f - 2*f + 959. Is f a composite number?
True
Suppose 3*u + 4*o + 35 = 0, 5*u - 3*u = -3*o - 24. Is 560 + 1*(6 + u) a prime number?
True
Let k = -2360772 + 4058639. Is k a prime number?
True
Let o(i) = -741*i + 31. Let h be o(-13). Suppose h = 3*v - u, -7*u + 2*u + 16100 = 5*v. Is v composite?
False
Let y be (-1)/((-2)/(-204)*-2). Is 8/6 + 445519/y a prime number?
True
Let c = -3018 - -10591. Is c composite?
False
Let n(a) = -9 + 9*a**2 - 4*a - 11*a + a**3 + 4*a. Let u be n(-10). Is 9424/14 + u/(-7) a composite number?
False
Suppose 3*b + 2*n + 70 - 177 = 0, 4*n = 4*b - 116. Suppose b*y = 28*y + 14465. Is y a prime number?
False
Let h(u) = 1125*u**2 - 5*u - 17. Let m(q) = -21*q + 121. Let w be m(6). Is h(w) composite?
True
Suppose 0 = -c + 3*p - 3919, 114*p = 3*c + 115*p + 11677. Suppose -3*z + z = -5108. Let m = z - c. Is m a prime number?
True
Let k(d) be the third derivative of -13*d**4/24 + d**3/6 - 25*d**2. Let w be k(1). Is (-2)/((w/(-15915))/(6/(-15))) composite?
False
Let w = 309268 - 61221. Is w composite?
True
Suppose -40*w - 47*w + 228190040 = 17*w. Is w prime?
False
Suppose 0 = 3*n - 23 - 16. Suppose -90 = -n*r + 10*r. Is 6/(-10) + -2536*(-3)/r prime?
False
Suppose -172*h + 171*h - 6 = 0. Let v(n) = -18*n**3 - 3*n**2 - n + 7. Is v(h) a prime number?
True
Let j be 6*(11 + -3)*(-27 + 68). Suppose -3867 = 3*p - 4*z, 2*z - 5*z - 6445 = 5*p. Let g = p + j. Is g prime?
False
Suppose 2*h + 3*y - 33 = 0, h - 5*h - 5*y = -63. Is (77515/(-15) - 1)*h/(-8) a prime number?
True
Let m(t) = -395*t + 9. Let b(x) = -x + 2. Let n(g) = 5*b(g) + m(g). Is n(-1) composite?
False
Suppose 77965 + 66673 = -13*y. Let w = y + 18925. Is w a composite number?
True
Let o = 722758 - 425781. Is o a composite number?
True
Suppose -3*z + 2140927 + 425133 = 25*z. Is z prime?
False
Suppose -48*n + 2*h = -47*n - 18985, 3 = 3*h. Is n composite?
True
Suppose 83*b - 9141227 = 10871484. Is b prime?
True
Let r = -2 + -5. Let o = 9 + r. Is (o - (-85)/(-10))/((-2)/8) prime?
False
Suppose -5*g + 6 = -3*g. Suppose 4*w + 1517 - 6016 = -3*k, 6032 = 4*k - g*w. Suppose -3*m = -q - k, 4*m - 4*q - 1655 